10). What is the remainder when (-6*1/2)/(3/m) is divided by 12 - (2 - 4)/2?
11
Suppose 4*s - 41 = 79. Calculate the remainder when 115 is divided by s.
25
Let t(o) = 4*o + 1. Let j be t(-3). Let f(d) be the first derivative of d**3/3 + 11*d**2/2 + 11*d - 22. Calculate the remainder when f(j) is divided by 3.
2
What is the remainder when 52 is divided by (-5)/(15/(-18)) + -5?
0
Suppose 3*y + 48 + 15 = 0. Let r be y*(50/(-6))/5. Suppose t - 2*k = -k, -5*t = 2*k - r. What is the remainder when 23 is divided by t?
3
Calculate the remainder when 8*((-147)/(-12) - (0 + -3)) is divided by 42.
38
Suppose 2 = q - 5*t - 12, -2*t - 20 = -4*q. What is the remainder when q - 1 - (-3 + -56) is divided by (-2)/(-11) + (-1218)/(-77)?
14
Let y(s) = s**2 + 3*s - 1. Calculate the remainder when (-3 - -4) + 51 + -3 is divided by y(3).
15
Let v(m) = 16*m + 6. Let f(o) = 32*o + 12. Let u(i) = 2*f(i) - 5*v(i). What is the remainder when u(-6) is divided by 23?
21
Suppose 5*m + 3*i = 1146, -i = -5*m + 2*i + 1134. Suppose 2*w - 450 = -4*v, 3*v - 99 = -5*w + m. What is the remainder when v is divided by 23?
22
Suppose 86 = 3*n - 25. Calculate the remainder when 106 is divided by n.
32
Calculate the remainder when 186 is divided by 0 + (209/4 - 160/128).
33
Suppose 2*i - 3*q + 29 = i, 0 = -i + q - 19. Let x = i + 16. Suppose -x*d + 41 + 21 = 0. Calculate the remainder when d is divided by 16.
15
Suppose 48 + 28 = 4*l. Suppose 2*q = -5*g + 90, q - 5*g - 75 = -30. What is the remainder when q is divided by l?
7
Suppose -5*y = 25, -193 = -21*b + 18*b - 4*y. What is the remainder when 106 is divided by b?
35
Let n = 11 - 3. Let j(x) = x**2 - 3*x + 6. Let s(l) = -l**3 - 12*l**2 - 12*l + 1. Calculate the remainder when j(n) is divided by s(-11).
10
Suppose -3*n - 19 = 5*f, f - 3 = -0*n - 4*n. Suppose 4*x = -2*q + 100, -n*x + 100 = 2*x - 5*q. What is the remainder when x is divided by 14?
11
Suppose 2*g = 6, 0*d = 2*d + g + 61. Let v be -3 + 3 - -18 - -2. What is the remainder when 37 is divided by (d/v)/((-2)/25)?
17
What is the remainder when 367 is divided by (105/(-14))/(12/(-16))?
7
Let m = 253 - 159. Suppose 84*q = 86*q - 32. What is the remainder when m is divided by q?
14
What is the remainder when (26/10)/((-31)/(-1085)) is divided by 31?
29
Let a = -6 - -12. Suppose 3*x - 114 = 5*y, -a*y + 76 = 2*x - 11*y. What is the remainder when x is divided by 8?
6
Let t(u) = 57*u - 1. Let f be 14/18 - 2/(-9). Calculate the remainder when t(f) is divided by 20.
16
Let b(l) = -l**3 - 22*l**2 - 21*l + 30. Calculate the remainder when b(-21) is divided by 27.
3
Suppose -7 = -5*d - 87. Let z = 38 + d. Let p = 137 + -74. What is the remainder when p is divided by z?
19
Suppose 3*y + 2*q - 30 = 0, 4*y - 20 = 3*y - 4*q. Suppose k = y - 3. Suppose -r - 4 = -8. Calculate the remainder when k is divided by r.
1
Let b(y) = -y**2. Let d(h) = -3*h**2 - h + 8. Let i(a) = -4*b(a) + d(a). Let s(z) = -z**2 - 10*z - 12. What is the remainder when i(3) is divided by s(-8)?
2
Let j(r) = 3*r**2 + 7*r + 4. Let g be j(-16). Suppose -6*s - g = -10*s. Suppose -v = 4*v - s. What is the remainder when 63 is divided by v?
30
Suppose 2*x + 8 = -2*f - 2*x, 0 = 2*f + x - 1. Suppose -r + 256 = 4*d + d, -f*r = -2. What is the remainder when d is divided by 14?
9
Let w be (1236/(-18))/((-4)/6). Let o = 105 - w. What is the remainder when 14/2 + 0 + 0 is divided by o?
1
Suppose 5*s + 481 = -4*b + 61, -4*s = -4*b - 456. Suppose 34 = 2*q - q. Calculate the remainder when (b/15)/(2/(-18)) is divided by q.
32
Calculate the remainder when ((-2660)/(-15) - -2) + (-6)/(-9) is divided by 61.
58
Let i = 10 - 5. Let j(h) = -4*h**2 + h + 3. Let v(q) = -9*q**2 + q + 6. Let l(c) = -7*j(c) + 3*v(c). What is the remainder when l(8) is divided by i?
4
Let c = 49 - 10. What is the remainder when c is divided by 16?
7
Suppose -74 = -d + 2*j - 31, d - 5*j = 34. Calculate the remainder when d is divided by 17.
15
Let g(y) = 2*y + 15. Let j be g(9). Suppose 2*i + 5*m = 35, 0 = -3*i - 0*i - m + j. Calculate the remainder when 19 is divided by i.
9
Let f = 19 - 15. Suppose 3*x - 4 = 2*p - 17, -4*x - f*p + 16 = 0. Calculate the remainder when 24 is divided by (-1 + -4*2)/x.
6
Let y = 6 + -4. Let o(n) = 4*n + 1. Calculate the remainder when 72/30*(-100)/(-15) is divided by o(y).
7
Let i = 176 - 17. Suppose -5*z = 2*x - i, -25 + 97 = 2*z - 2*x. What is the remainder when z is divided by 9?
6
Suppose -2*m + 416 = -5*x + 7*x, -2*x - 1026 = -5*m. Calculate the remainder when m is divided by 10.
6
Let c(i) = i**2 - 3*i - 8. Let g be c(7). Let w = 20 - g. Suppose 3*x - 37 = -0*x - s, w = -4*x - 5*s + 64. What is the remainder when 32 is divided by x?
10
Calculate the remainder when 1217 is divided by (3/2)/(12/464).
57
Let i = -30109 + 30128. Suppose -160 = -4*h + 136. Calculate the remainder when h is divided by i.
17
Suppose 31 = t + 2. Let q(z) = 3*z**2 + 2*z. What is the remainder when t is divided by q(-2)?
5
Suppose 4*i = -i + 15. Let h(j) = 3*j + 8. Suppose -3*k = 38 - 188. What is the remainder when k is divided by h(i)?
16
Let q be (-66)/4 - (-27)/(-18). Let i = q + 34. What is the remainder when 79 is divided by i?
15
Suppose 0 = -2*t - t + 90. What is the remainder when (-3)/(-3) + (-1 - (-2 - 57)) is divided by t?
29
Let d(k) = k**3 + 2*k**2 - 4*k - 7. Let p be d(-3). Calculate the remainder when p/(-16) + 159*(-4)/(-16) is divided by 11.
7
Suppose 3*j + 4*q - 810 = 0, -q - 200 = 2*j - 740. Calculate the remainder when j is divided by 68.
66
What is the remainder when (-1 + -1)/(2/(-25)) is divided by 13?
12
Suppose -168 = -a - 3*q, -2*a - 2*q + 69 + 279 = 0. What is the remainder when a is divided by 26?
21
Suppose -2*t + 328 = 4*u, -3*t - 343 = -9*u + 395. Calculate the remainder when 166 is divided by u.
2
Suppose 3*q = 5*q - 34. Suppose -2*y + 98 = 4*h, -6*y - 3*h + 245 = -y. What is the remainder when y is divided by q?
15
Suppose u + 4 = 0, 5*z = 9*u - 8*u + 94. What is the remainder when (-1424)/(-10) + 12/(-30) is divided by z?
16
Let n = 394 + -336. What is the remainder when n is divided by 6?
4
Let p = -6 - 3. What is the remainder when 66 is divided by (-2)/(-3) - 147/p?
15
Let l = -61 + 124. Suppose 63*k = 58*k + 65. Calculate the remainder when l is divided by k.
11
Suppose 4*w - 2*t + 4 = -6*t, 2*w = t + 1. Calculate the remainder when 19 is divided by -11*(0 - -1)*(-1 + w).
8
Suppose 0 = -2*j + 6*j. What is the remainder when 4 is divided by (j + 3)*(-12)/(-18)?
0
Let j be (2 - (-5)/(-2))/((-4)/336). Suppose 9 - 2 = y - l, -3*y + j = 4*l. What is the remainder when 19 is divided by y?
9
Let w(x) = 15*x + 4*x**2 - 4*x**2 + x**2 + 7 - 2*x**2. What is the remainder when 11 is divided by w(15)?
4
Let k(f) = 5*f + 3. Let w be k(2). Let n be 1*3/(-9)*-57. Let m = w + n. Calculate the remainder when m is divided by 17.
15
Suppose -50 = 4*z - 9*z. Let u(j) = -42*j**3 + j**2 - j - 2. Let q be u(-1). Let g = 61 - q. Calculate the remainder when g is divided by z.
9
Suppose z - 2*z = 4. Calculate the remainder when -2 - 0 - (-1 - 111) is divided by (-20)/(-6)*(-126)/60*z.
26
Let m be (-26)/2 - 7/(28/(-12)). Let t(z) = -z + 20. Calculate the remainder when 85 is divided by t(m).
25
Let i = -26 - -44. Let l(b) = b**2 - 16*b - 7. What is the remainder when l(19) is divided by i?
14
Suppose -5*g + 4*g + 16 = -4*r, 0 = -g + 2*r + 10. Suppose -j = 5*q - 1 - 34, -53 = -j + g*q. What is the remainder when j is divided by 12?
9
Let r(o) = -o - 2. Calculate the remainder when 418 is divided by r(-9).
5
Let d(w) = 90*w - 66. Let q be 1446/(-54) - 2/9. Let j(c) = -7*c + 5. Let r(t) = q*j(t) - 2*d(t). Calculate the remainder when r(4) is divided by 12.
9
Suppose -4*o + r - 3*r + 372 = 0, 0 = 5*r - 20. What is the remainder when o is divided by 23?
22
Let t(m) = -3*m + 95. Let a be t(0). Let r = a + -58. What is the remainder when r is divided by 16?
5
Suppose 4 = -4*h + 8. Let y be h*-10*4/(-8). Suppose -p + 26 = p + 2*k, 29 = 2*p + y*k. Calculate the remainder when 45 is divided by p.
9
Let k(q) be the second derivative of -q**4/12 + q**3/6 + 11*q**2/2 + 3*q. Let i be k(-5). Let h = i + 86. Calculate the remainder when h is divided by 17.
16
Calculate the remainder when 5 + 12/4 + 344 is divided by 89.
85
Suppose 5*f - 6 = 2*f, 2*f 